is the highest common factor of 56 and c?
8
Let s be (-160)/(-24)*15/2. Let a(m) = m**2 + m - 1. Let g be a(-3). Suppose 4*d - 30 = 2*l, g*d - 6*l - s = -l. What is the highest common factor of 2 and d?
1
Let y = -3 - -6. Suppose -16*d = -854 + 230. What is the greatest common divisor of d and y?
3
Suppose -o + 6 = -0. Let i = 1580 + -1502. Calculate the greatest common divisor of o and i.
6
Let t(y) = -11*y - 19. Let u be t(4). Let q = u + 79. Calculate the greatest common divisor of 8 and q.
8
Let q be (-85)/(-17) + 292 + 0. Calculate the greatest common factor of q and 33.
33
Let w(n) = -n**3 - 25*n**2 + 27*n + 43. Let f be w(-26). What is the highest common divisor of f and 68?
17
Let d be (-58 + 59)/((-2)/(-36)). Calculate the greatest common factor of d and 96.
6
Suppose -13 = -q + 2*u - 1, 3*u = -3*q + 81. What is the highest common factor of q and 11?
11
Let d = 8 - 0. Let x(l) = -11*l + 106. Let c be x(6). What is the greatest common divisor of d and c?
8
Let m(l) = l - 7. Let z be m(9). Suppose z*t - t = 0. Suppose -b + 20 + 12 = t. Calculate the highest common divisor of 16 and b.
16
Suppose 2*y - 3*l = 40, 7*l - 4*l = 4*y - 92. Calculate the greatest common factor of 2 and y.
2
Let o(m) = -2*m**3 - 3*m**2 + 4*m + 3. Let t be o(-3). Let n be 36*-3*(-15)/t. Calculate the highest common factor of 30 and n.
30
Suppose 4*z = 58 + 14. Suppose -3*n - 146 + 29 = 0. Let u = -30 - n. Calculate the greatest common factor of u and z.
9
Let s(w) = 18*w**2 - 4*w + 5. Let t be s(2). Calculate the greatest common factor of t and 253.
23
Let c = 750 + -494. Calculate the highest common factor of c and 16.
16
Suppose 159 = 3*u + 4*y, -5*y = -5*u - 4*y + 242. Let m = -4 - -10. Let h be m/(-15) + (-37)/(-5). What is the greatest common divisor of u and h?
7
Let l be ((-12)/36)/((-1)/1389) - 1. What is the greatest common divisor of l and 63?
21
Let f be -1 + (-4)/(12/(-9)). Let m be 15*(-124)/(-108) + (-6)/27. Suppose -5*a = f - m. What is the greatest common factor of 21 and a?
3
Suppose -4 = 3*n - 1, 4*h - 78 = -2*n. Calculate the greatest common divisor of h and 220.
20
Suppose 27*v - 32*v + 330 = 0. Suppose 9 = -2*r + 53. What is the highest common factor of r and v?
22
Let k(r) = -4*r + 24. Let a be k(7). Let z be 2/(a/(4 - 36)). What is the greatest common divisor of z and 2?
2
Let x be 2*(-3)/(-4)*8. Suppose -4*w + 64 = 40. Suppose -w*p = -5*p - 108. Calculate the greatest common divisor of x and p.
12
Suppose 3*c = 5*k - 32, -3*k + 0*k + 24 = -3*c. Suppose -5*m + k*m = -45. Let l be (-159)/(-33) - (-4)/22. Calculate the highest common factor of m and l.
5
Let p(v) = v**2 - 21*v - 198. Let z be p(29). What is the greatest common factor of 510 and z?
34
Suppose -7 = 2*k + t - 29, -2*t = 2*k - 22. What is the highest common factor of 275 and k?
11
Let d(m) = m**2 + 1. Let s be d(-2). Suppose 22*r - 1170 = -4*r. Calculate the greatest common divisor of r and s.
5
Suppose -q - 19 + 60 = 0. Suppose 14*u - 7*u = 287. Calculate the highest common divisor of q and u.
41
Let z = 135 - 123. Suppose -3*x + 31 = 6*q - 2*q, -5*q = 2*x - 30. Suppose -810 + 210 = -x*s. What is the greatest common divisor of z and s?
12
Let r = 18 - 12. Suppose 0 = 3*j - 9, 0 = 133*f - 137*f - 5*j + 63. Calculate the greatest common divisor of f and r.
6
Suppose 0 = -2*b + 5*y - 25, 6*b - b + 2*y = -48. Let z = b - -12. Suppose z*q - 18 - 4 = 0. Calculate the greatest common divisor of q and 121.
11
Let x be (-33)/(-3) - 10 - (4 + 1). Suppose -2*u - u + 27 = 0. Let m = u + x. Calculate the greatest common factor of m and 1.
1
Suppose 0 = -11*a + 34 + 54. Suppose -b + 58 = -2*q, -3*q + 36 = b - 17. What is the highest common divisor of b and a?
8
Let c be (-2)/(3 - (-3 + 52/8)). Suppose c*h - 175 + 59 = 0. What is the highest common divisor of h and 29?
29
Let q be 16 + ((-6)/10 - (-6)/10). Suppose 0 = 4*f + 2*v - 30, 3*f - v - 26 = -6*v. Suppose f*i - 256 = 3*i. What is the highest common factor of q and i?
16
Suppose 2*y = y + 56. Let m = 32 + -24. What is the greatest common factor of m and y?
8
Let x(q) = -q**2 + 5*q - 2. Let d be x(4). Suppose d*k = 6*k - 704. Suppose 4*c = 6*c - k. Calculate the greatest common factor of c and 8.
8
Let w be 3101/49 + 38/(-133). Calculate the greatest common factor of w and 49.
7
Let r(i) = 2*i**2 + i - 4. Let v be r(2). Let x be (-45)/v*(-10 + 2/(-1)). What is the greatest common divisor of 10 and x?
10
Suppose 12*p = -398 + 410. What is the highest common factor of p and 14?
1
Let y(m) = -13*m - 3. Let c be y(-2). Suppose -w + 4*k = -c, -2*k = 4*w + w - 71. Let f be w/20 - (-74)/8. What is the greatest common divisor of f and 50?
10
Let v be (-8410)/(-100) - 5/50. What is the greatest common factor of 63 and v?
21
Let l(g) = 2*g**3 - 29*g + 63. Let o be l(2). Let a be (-2)/(-7) - (-878)/14. What is the highest common factor of o and a?
21
Let v(o) = 14*o + 2*o + 10 - 18*o. Let w be v(-13). What is the greatest common factor of 90 and w?
18
Let n(z) = -4*z**3 - z**2 + 6*z - 5. Let h be n(3). Let p be 81/(-4)*h/39. What is the highest common factor of 135 and p?
27
Suppose -2*b + 2*i = -268, -i - 668 = -5*b + 2*i. Calculate the greatest common divisor of b and 95.
19
Suppose 57*d - 1024 = 25*d. Calculate the greatest common divisor of d and 1184.
32
Let s(b) = 33*b**2 - 58*b + 10. Let p be s(4). Calculate the highest common factor of 17 and p.
17
Let p be 29*((-6)/(-2) + -2). Suppose 0 = p*m - 32*m + 51. Calculate the highest common factor of m and 1.
1
Let i = -206 - -323. Calculate the greatest common divisor of 39 and i.
39
Suppose m - 1636 = -3*y, 12*m = 2*y + 14*m - 1096. What is the greatest common factor of y and 16?
16
Let o(q) = 2*q. Let b be o(2). Suppose -t + 23 = h - b*t, 5*t = -10. Suppose 13*r = h*r - 100. What is the greatest common divisor of r and 50?
25
Let w = -214 + 322. Let r = -39 + w. What is the highest common divisor of 92 and r?
23
Let g be (-1)/(-3*5/165). Suppose -g*a + 26 = 2*a. Calculate the highest common divisor of a and 2.
2
Suppose k = 5*c + 15, -2*k - c = -6*k + 3. Suppose k*y = -3*y. Suppose -b + 4 = y, -2*b = 2*j - 3*j + 20. What is the highest common factor of j and 308?
28
Let o(h) = 11*h - 36. Let s be o(11). Suppose 0 = 5*w + z - 99, 2*z + 3*z + s = 4*w. Calculate the highest common divisor of 10 and w.
10
Let g = 309 - 244. Calculate the greatest common divisor of 299 and g.
13
Let m(c) = 67*c + 200. Let w be m(0). Calculate the highest common factor of w and 112.
8
Let a(d) = 6*d**2 - 49 + 31 + 6*d + 22. Let i(z) = -z + 3. Let j be i(6). Let x be a(j). What is the highest common divisor of 8 and x?
8
Let o be 182 - (-3 - 6/((-6)/5)). Calculate the highest common divisor of 80 and o.
20
Let m be ((-7)/(-4))/(287/(-24) - -12). Calculate the greatest common divisor of 18 and m.
6
Let d = 4881 - 4879. Let x = -23 + 32. Let b = x - 5. Calculate the highest common factor of b and d.
2
Suppose -5*b + 2*o + 2*o = -14, 3*b - o - 7 = 0. Suppose 7*r - 76 = 22. Calculate the greatest common factor of r and b.
2
Let n(c) = -c**3 + 15*c**2 - 10*c + 44. Let i be n(11). What is the greatest common factor of i and 44?
22
Suppose 18*i - 4090 = 3560. Calculate the highest common divisor of 50 and i.
25
Suppose 12*b + 658 = 14*b - 2*n, 0 = 4*b - n - 1307. What is the highest common divisor of b and 2?
2
Suppose 0 = -2*b + 5 + 5. Suppose -325 = -b*m - 0*m. Let g = 9367 + -9341. Calculate the greatest common divisor of m and g.
13
Let q = 144 - 124. Calculate the greatest common divisor of q and 60.
20
Let w = 50 + -27. Let a(d) = 2 - 29*d - 1 - 32*d. Let q be a(-3). Calculate the highest common factor of w and q.
23
Suppose -4*z = -212 - 1416. Calculate the highest common factor of 11 and z.
11
Suppose 6*g = -4*g + 20. Suppose -3*i + 114 = 2*j - 7*i, 5*i = g*j - 111. Calculate the greatest common factor of j and 21.
21
Let a = -20 + 58. Suppose 8*i = 7*i + 57. Calculate the greatest common factor of a and i.
19
Let u = 54 + -8. What is the highest common factor of 207 and u?
23
Suppose 11*i = 9*i + 24. Suppose 0 = -4*z - i, -3*f + z + 148 = 37. Calculate the highest common factor of f and 12.
12
Let f(j) = 2*j + 25. Suppose -9 - 5 = q. Let d be f(q). Let r be (d - -5)/(3/54). Calculate the greatest common divisor